{"id":703,"date":"2022-09-02T12:47:36","date_gmt":"2022-09-02T12:47:36","guid":{"rendered":"https:\/\/sur-innova.cl\/?page_id=703"},"modified":"2022-09-02T13:13:37","modified_gmt":"2022-09-02T13:13:37","slug":"nuestros-clientes","status":"publish","type":"page","link":"https:\/\/sur-innova.cl\/index.php\/nuestros-clientes\/","title":{"rendered":"Nuestros Clientes"},"content":{"rendered":"\n<p>Ministerio de Educaci\u00f3n<\/p>\n\n\n\n<p>Bienes Nacionales provincia Chilo\u00e9 y Palena<\/p>\n\n\n\n<p>Defensor\u00eda Local Provincia de Palena<\/p>\n\n\n\n<p>Direcci\u00f3n obras hidr\u00e1ulicas MOP Valdivia<\/p>\n\n\n\n<p>SAG | Servicio Agr\u00edcola y Ganadero<\/p>\n\n\n\n<p>SERNAPESCA<\/p>\n\n\n\n<figure class=\"wp-block-image size-large\"><img loading=\"lazy\" width=\"1024\" height=\"163\" src=\"https:\/\/sur-innova.cl\/wp-content\/uploads\/2022\/09\/sur-innova-logs2_Mesa-de-trabajo-1-1024x163.png\" alt=\"\" class=\"wp-image-716\" srcset=\"https:\/\/sur-innova.cl\/wp-content\/uploads\/2022\/09\/sur-innova-logs2_Mesa-de-trabajo-1-1024x163.png 1024w, https:\/\/sur-innova.cl\/wp-content\/uploads\/2022\/09\/sur-innova-logs2_Mesa-de-trabajo-1-300x48.png 300w, https:\/\/sur-innova.cl\/wp-content\/uploads\/2022\/09\/sur-innova-logs2_Mesa-de-trabajo-1-768x123.png 768w, https:\/\/sur-innova.cl\/wp-content\/uploads\/2022\/09\/sur-innova-logs2_Mesa-de-trabajo-1.png 1234w\" sizes=\"(max-width: 1024px) 100vw, 1024px\" \/><\/figure>\n","protected":false},"excerpt":{"rendered":"<p>Ministerio de Educaci\u00f3n Bienes Nacionales provincia Chilo\u00e9 y Palena Defensor\u00eda Local Provincia de Palena Direcci\u00f3n obras hidr\u00e1ulicas MOP Valdivia SAG | Servicio Agr\u00edcola y Ganadero SERNAPESCA<\/p>\n","protected":false},"author":1,"featured_media":0,"parent":0,"menu_order":0,"comment_status":"closed","ping_status":"closed","template":"","meta":[],"_links":{"self":[{"href":"https:\/\/sur-innova.cl\/index.php\/wp-json\/wp\/v2\/pages\/703"}],"collection":[{"href":"https:\/\/sur-innova.cl\/index.php\/wp-json\/wp\/v2\/pages"}],"about":[{"href":"https:\/\/sur-innova.cl\/index.php\/wp-json\/wp\/v2\/types\/page"}],"author":[{"embeddable":true,"href":"https:\/\/sur-innova.cl\/index.php\/wp-json\/wp\/v2\/users\/1"}],"replies":[{"embeddable":true,"href":"https:\/\/sur-innova.cl\/index.php\/wp-json\/wp\/v2\/comments?post=703"}],"version-history":[{"count":4,"href":"https:\/\/sur-innova.cl\/index.php\/wp-json\/wp\/v2\/pages\/703\/revisions"}],"predecessor-version":[{"id":717,"href":"https:\/\/sur-innova.cl\/index.php\/wp-json\/wp\/v2\/pages\/703\/revisions\/717"}],"wp:attachment":[{"href":"https:\/\/sur-innova.cl\/index.php\/wp-json\/wp\/v2\/media?parent=703"}],"curies":[{"name":"wp","href":"https:\/\/api.w.org\/{rel}","templated":true}]}}