{"id":430,"date":"2021-06-23T21:04:05","date_gmt":"2021-06-23T21:04:05","guid":{"rendered":"http:\/\/sur-innova.cl\/?page_id=430"},"modified":"2022-10-31T15:32:36","modified_gmt":"2022-10-31T15:32:36","slug":"nuestros-servicios","status":"publish","type":"page","link":"https:\/\/sur-innova.cl\/index.php\/nuestros-servicios\/","title":{"rendered":"Nuestros Servicios"},"content":{"rendered":"\n<p><strong>Sur Innova<\/strong>, es capaz de ofrecer y customizar servicios de:<\/p>\n\n\n\n<p><strong>Aseo de empresas&nbsp;y del hogar<\/strong>: Servicio de aseo a empresas y aseo a hogares son parte de nuestros proyectos m\u00e1s importantes para nosotros como empresa, ya que la honestidad y confianza que nos entregan en nosotros debe ser compensada con una labor de excelencia, detallista y minucioso dejando sus oficinas y hogares limpios y, desinfectados y ordenados para hacer m\u00e1s grato su d\u00eda a d\u00eda.<\/p>\n\n\n\n<p><strong>Jardiner\u00eda<\/strong>: cuidado de c\u00e9sped, corte de c\u00e9sped, limpieza y manutenci\u00f3n general de jardines poda de \u00e1rboles y arbustos.<\/p>\n\n\n\n<p><strong>Mudanzas<\/strong>: servicio de transporte y mudanzas de casas, oficinas y carga en general pagando un precio justo y obteniendo una gran experiencia como cliente<\/p>\n\n\n\n<p><strong>Capacitaci\u00f3n<\/strong>: capacitaci\u00f3n en oficios y talleres a la elecci\u00f3n del cliente,&nbsp;dirigido a las empresas del sur de Chile. Queremos distinguirnos en \u00e9l \u00e1rea de capacitaci\u00f3n ofreciendo un apoyo profesional serio y responsable que busca potenciar las habilidades de nuestros alumnos.<\/p>\n\n\n\n<p><strong>Banqueter\u00eda<\/strong>: Buscamos asesorar a nuestros clientes en todo momento para entregarles una soluci\u00f3n eficiente y eficaz a la necesidad que tengan entregamos un servicio con estilo, elegante y vanguardista<\/p>\n\n\n\n<figure class=\"wp-block-gallery columns-3 is-cropped\"><ul class=\"blocks-gallery-grid\"><li class=\"blocks-gallery-item\"><figure><img loading=\"lazy\" width=\"1024\" height=\"683\" src=\"http:\/\/sur-innova.cl\/wp-content\/uploads\/2022\/10\/PHOTO-2022-10-25-20-33-38-1024x683.jpg\" alt=\"\" data-id=\"736\" data-full-url=\"http:\/\/sur-innova.cl\/wp-content\/uploads\/2022\/10\/PHOTO-2022-10-25-20-33-38.jpg\" data-link=\"https:\/\/sur-innova.cl\/photo-2022-10-25-20-33-38\/\" class=\"wp-image-736\" srcset=\"https:\/\/sur-innova.cl\/wp-content\/uploads\/2022\/10\/PHOTO-2022-10-25-20-33-38-1024x683.jpg 1024w, https:\/\/sur-innova.cl\/wp-content\/uploads\/2022\/10\/PHOTO-2022-10-25-20-33-38-300x200.jpg 300w, https:\/\/sur-innova.cl\/wp-content\/uploads\/2022\/10\/PHOTO-2022-10-25-20-33-38-768x512.jpg 768w, https:\/\/sur-innova.cl\/wp-content\/uploads\/2022\/10\/PHOTO-2022-10-25-20-33-38.jpg 1500w\" sizes=\"(max-width: 1024px) 100vw, 1024px\" \/><\/figure><\/li><li class=\"blocks-gallery-item\"><figure><img loading=\"lazy\" width=\"1024\" height=\"683\" src=\"http:\/\/sur-innova.cl\/wp-content\/uploads\/2022\/10\/PHOTO-2022-10-25-20-32-46-1024x683.jpg\" alt=\"\" data-id=\"735\" data-full-url=\"http:\/\/sur-innova.cl\/wp-content\/uploads\/2022\/10\/PHOTO-2022-10-25-20-32-46.jpg\" data-link=\"https:\/\/sur-innova.cl\/photo-2022-10-25-20-32-46\/\" class=\"wp-image-735\" srcset=\"https:\/\/sur-innova.cl\/wp-content\/uploads\/2022\/10\/PHOTO-2022-10-25-20-32-46-1024x683.jpg 1024w, https:\/\/sur-innova.cl\/wp-content\/uploads\/2022\/10\/PHOTO-2022-10-25-20-32-46-300x200.jpg 300w, https:\/\/sur-innova.cl\/wp-content\/uploads\/2022\/10\/PHOTO-2022-10-25-20-32-46-768x512.jpg 768w, https:\/\/sur-innova.cl\/wp-content\/uploads\/2022\/10\/PHOTO-2022-10-25-20-32-46.jpg 1440w\" sizes=\"(max-width: 1024px) 100vw, 1024px\" \/><\/figure><\/li><li class=\"blocks-gallery-item\"><figure><img loading=\"lazy\" width=\"1024\" height=\"683\" src=\"http:\/\/sur-innova.cl\/wp-content\/uploads\/2022\/10\/PHOTO-2022-10-25-20-32-46-2-1024x683.jpg\" alt=\"\" data-id=\"733\" data-full-url=\"http:\/\/sur-innova.cl\/wp-content\/uploads\/2022\/10\/PHOTO-2022-10-25-20-32-46-2.jpg\" data-link=\"https:\/\/sur-innova.cl\/photo-2022-10-25-20-32-46-2\/\" class=\"wp-image-733\" srcset=\"https:\/\/sur-innova.cl\/wp-content\/uploads\/2022\/10\/PHOTO-2022-10-25-20-32-46-2-1024x683.jpg 1024w, https:\/\/sur-innova.cl\/wp-content\/uploads\/2022\/10\/PHOTO-2022-10-25-20-32-46-2-300x200.jpg 300w, https:\/\/sur-innova.cl\/wp-content\/uploads\/2022\/10\/PHOTO-2022-10-25-20-32-46-2-768x512.jpg 768w, https:\/\/sur-innova.cl\/wp-content\/uploads\/2022\/10\/PHOTO-2022-10-25-20-32-46-2.jpg 1296w\" sizes=\"(max-width: 1024px) 100vw, 1024px\" \/><\/figure><\/li><li class=\"blocks-gallery-item\"><figure><img loading=\"lazy\" width=\"1024\" height=\"683\" src=\"http:\/\/sur-innova.cl\/wp-content\/uploads\/2022\/10\/PHOTO-2022-10-25-20-32-45-1024x683.jpg\" alt=\"\" data-id=\"732\" data-full-url=\"http:\/\/sur-innova.cl\/wp-content\/uploads\/2022\/10\/PHOTO-2022-10-25-20-32-45.jpg\" data-link=\"https:\/\/sur-innova.cl\/photo-2022-10-25-20-32-45\/\" class=\"wp-image-732\" srcset=\"https:\/\/sur-innova.cl\/wp-content\/uploads\/2022\/10\/PHOTO-2022-10-25-20-32-45-1024x683.jpg 1024w, https:\/\/sur-innova.cl\/wp-content\/uploads\/2022\/10\/PHOTO-2022-10-25-20-32-45-300x200.jpg 300w, https:\/\/sur-innova.cl\/wp-content\/uploads\/2022\/10\/PHOTO-2022-10-25-20-32-45-768x512.jpg 768w, https:\/\/sur-innova.cl\/wp-content\/uploads\/2022\/10\/PHOTO-2022-10-25-20-32-45.jpg 1368w\" sizes=\"(max-width: 1024px) 100vw, 1024px\" \/><\/figure><\/li><li class=\"blocks-gallery-item\"><figure><img loading=\"lazy\" width=\"1024\" height=\"683\" src=\"http:\/\/sur-innova.cl\/wp-content\/uploads\/2021\/06\/pexels-matilda-wormwood-4099466-1024x683.jpeg\" alt=\"\" data-id=\"537\" data-full-url=\"http:\/\/sur-innova.cl\/wp-content\/uploads\/2021\/06\/pexels-matilda-wormwood-4099466.jpeg\" data-link=\"https:\/\/sur-innova.cl\/pexels-matilda-wormwood-4099466\/\" class=\"wp-image-537\" srcset=\"https:\/\/sur-innova.cl\/wp-content\/uploads\/2021\/06\/pexels-matilda-wormwood-4099466-1024x683.jpeg 1024w, https:\/\/sur-innova.cl\/wp-content\/uploads\/2021\/06\/pexels-matilda-wormwood-4099466-300x200.jpeg 300w, https:\/\/sur-innova.cl\/wp-content\/uploads\/2021\/06\/pexels-matilda-wormwood-4099466-768x512.jpeg 768w, https:\/\/sur-innova.cl\/wp-content\/uploads\/2021\/06\/pexels-matilda-wormwood-4099466-1536x1025.jpeg 1536w, https:\/\/sur-innova.cl\/wp-content\/uploads\/2021\/06\/pexels-matilda-wormwood-4099466.jpeg 1920w\" sizes=\"(max-width: 1024px) 100vw, 1024px\" \/><\/figure><\/li><li class=\"blocks-gallery-item\"><figure><img loading=\"lazy\" width=\"960\" height=\"640\" src=\"http:\/\/sur-innova.cl\/wp-content\/uploads\/2021\/06\/mudanza.jpg\" alt=\"\" data-id=\"446\" data-full-url=\"http:\/\/sur-innova.cl\/wp-content\/uploads\/2021\/06\/mudanza.jpg\" data-link=\"https:\/\/sur-innova.cl\/mudanza\/\" class=\"wp-image-446\" srcset=\"https:\/\/sur-innova.cl\/wp-content\/uploads\/2021\/06\/mudanza.jpg 960w, https:\/\/sur-innova.cl\/wp-content\/uploads\/2021\/06\/mudanza-300x200.jpg 300w, https:\/\/sur-innova.cl\/wp-content\/uploads\/2021\/06\/mudanza-768x512.jpg 768w\" sizes=\"(max-width: 960px) 100vw, 960px\" \/><\/figure><\/li><\/ul><\/figure>\n\n\n<div class=\"wp-block-themeisle-blocks-sharing-icons has-label is-default\"><a class=\"social-icon is-facebook\" href=\"https:\/\/www.facebook.com\/sharer\/sharer.php?u=https:\/\/sur-innova.cl\/index.php\/nuestros-servicios\/&#038;title=Nuestros%20Servicios\" target=\"_blank\"><i class=\"fab fa-facebook-f\"><\/i>Facebook<\/a><a class=\"social-icon is-twitter\" href=\"http:\/\/twitter.com\/share?url=https:\/\/sur-innova.cl\/index.php\/nuestros-servicios\/&#038;text=Nuestros%20Servicios\" target=\"_blank\"><i class=\"fab fa-twitter\"><\/i>Twitter<\/a><a class=\"social-icon is-linkedin\" href=\"https:\/\/www.linkedin.com\/shareArticle?mini=true&#038;url=https:\/\/sur-innova.cl\/index.php\/nuestros-servicios\/&#038;title=Nuestros%20Servicios\" target=\"_blank\"><i class=\"fab fa-linkedin-in\"><\/i>Linkedin<\/a><\/div>","protected":false},"excerpt":{"rendered":"<p>Sur Innova, es capaz de ofrecer y customizar servicios de: Aseo de empresas&nbsp;y del hogar: Servicio de aseo a empresas y aseo a hogares son parte de nuestros proyectos m\u00e1s importantes para nosotros como empresa, ya que la honestidad y confianza que nos entregan en nosotros debe ser compensada con una labor de excelencia, detallista [&hellip;]<\/p>\n","protected":false},"author":1,"featured_media":0,"parent":0,"menu_order":0,"comment_status":"closed","ping_status":"closed","template":"","meta":[],"_links":{"self":[{"href":"https:\/\/sur-innova.cl\/index.php\/wp-json\/wp\/v2\/pages\/430"}],"collection":[{"href":"https:\/\/sur-innova.cl\/index.php\/wp-json\/wp\/v2\/pages"}],"about":[{"href":"https:\/\/sur-innova.cl\/index.php\/wp-json\/wp\/v2\/types\/page"}],"author":[{"embeddable":true,"href":"https:\/\/sur-innova.cl\/index.php\/wp-json\/wp\/v2\/users\/1"}],"replies":[{"embeddable":true,"href":"https:\/\/sur-innova.cl\/index.php\/wp-json\/wp\/v2\/comments?post=430"}],"version-history":[{"count":7,"href":"https:\/\/sur-innova.cl\/index.php\/wp-json\/wp\/v2\/pages\/430\/revisions"}],"predecessor-version":[{"id":741,"href":"https:\/\/sur-innova.cl\/index.php\/wp-json\/wp\/v2\/pages\/430\/revisions\/741"}],"wp:attachment":[{"href":"https:\/\/sur-innova.cl\/index.php\/wp-json\/wp\/v2\/media?parent=430"}],"curies":[{"name":"wp","href":"https:\/\/api.w.org\/{rel}","templated":true}]}}